7?
9
What is the tens digit of 43063?
6
What is the hundreds digit of 36979?
9
What is the tens digit of 4738?
3
What is the units digit of 5245?
5
What is the ten thousands digit of 66766?
6
What is the units digit of 20499?
9
What is the tens digit of 7959?
5
What is the units digit of 205?
5
What is the hundreds digit of 11549?
5
What is the hundreds digit of 10374?
3
What is the hundreds digit of 1435?
4
What is the units digit of 1233?
3
What is the hundreds digit of 4887?
8
What is the thousands digit of 114179?
4
What is the thousands digit of 14916?
4
What is the units digit of 71623?
3
What is the hundreds digit of 366?
3
What is the units digit of 28323?
3
What is the thousands digit of 1644?
1
What is the tens digit of 1872?
7
What is the tens digit of 703?
0
What is the tens digit of 1811?
1
What is the tens digit of 3363?
6
What is the tens digit of 47473?
7
What is the hundreds digit of 387?
3
What is the units digit of 291?
1
What is the units digit of 52061?
1
What is the ten thousands digit of 17236?
1
What is the thousands digit of 185145?
5
What is the tens digit of 580?
8
What is the thousands digit of 8228?
8
What is the thousands digit of 3321?
3
What is the thousands digit of 26006?
6
What is the units digit of 23642?
2
What is the hundreds digit of 858?
8
What is the hundreds digit of 12367?
3
What is the hundreds digit of 2462?
4
What is the units digit of 7328?
8
What is the thousands digit of 34467?
4
What is the ten thousands digit of 10791?
1
What is the tens digit of 183602?
0
What is the units digit of 712?
2
What is the thousands digit of 4158?
4
What is the hundreds digit of 10880?
8
What is the thousands digit of 13646?
3
What is the tens digit of 30898?
9
What is the units digit of 20520?
0
What is the tens digit of 2886?
8
What is the units digit of 899?
9
What is the thousands digit of 2467?
2
What is the ten thousands digit of 74861?
7
What is the hundreds digit of 1269?
2
What is the thousands digit of 2591?
2
What is the ten thousands digit of 55508?
5
What is the units digit of 3108?
8
What is the hundreds digit of 1709?
7
What is the tens digit of 2807?
0
What is the tens digit of 2176?
7
What is the tens digit of 12661?
6
What is the hundreds digit of 1709?
7
What is the hundreds digit of 927?
9
What is the thousands digit of 1709?
1
What is the units digit of 26329?
9
What is the thousands digit of 12425?
2
What is the thousands digit of 4129?
4
What is the tens digit of 1335?
3
What is the ten thousands digit of 40359?
4
What is the units digit of 3536?
6
What is the units digit of 2616?
6
What is the thousands digit of 33432?
3
What is the hundreds digit of 823?
8
What is the hundreds digit of 345?
3
What is the tens digit of 4782?
8
What is the ten thousands digit of 109189?
0
What is the units digit of 3095?
5
What is the tens digit of 880?
8
What is the hundreds digit of 1429?
4
What is the tens digit of 5939?
3
What is the thousands digit of 54370?
4
What is the thousands digit of 7571?
7
What is the tens digit of 5448?
4
What is the thousands digit of 6151?
6
What is the ten thousands digit of 29900?
2
What is the tens digit of 4049?
4
What is the thousands digit of 9768?
9
What is the hundreds digit of 7227?
2
What is the thousands digit of 1026?
1
What is the ten thousands digit of 43364?
4
What is the tens digit of 5100?
0
What is the thousands digit of 1378?
1
What is the hundreds digit of 40049?
0
What is the hundreds digit of 1841?
8
What is the hundreds digit of 7810?
8
What is the thousands digit of 12595?
2
What is the thousands digit of 5287?
5
What is the units digit of 43906?
6
What is the tens digit of 5124?
2
What is the hundreds digit of 863?
8
What is the thousands digit of 2772?
2
What is the tens digit of 2874?
7
What is the thousands digit of 18073?
8
What is the hundreds digit of 5227?
2
What is the hundreds digit of 1133?
1
What is the tens digit of 409?
0
What is the tens digit of 2448?
4
What is the tens digit of 29294?
9
What is the units digit of 70737?
7
What is the ten thousands digit of 144856?
4
What is the units digit of 16126?
6
What is the hundreds digit of 7996?
9
What is the units digit of 2679?
9
What is the hundreds digit of 461?
4
What is the hundreds digit of 5224?
2
What is the tens digit of 1167?
6
What is the units digit of 8186?
6
What is the units digit of 109469?
9
What is the units digit of 1008?
8
What is the thousands digit of 5828?
5
What is the hundreds digit of 48538?
5
What is the units digit of 1839?
9
What is the hundreds digit of 14747?
7
What is the tens digit of 180953?
5
What is the hundreds digit of 7219?
2
What is the hundreds digit of 259?
2
What is the tens digit of 1989?
8
What is the thousands digit of 2334?
2
What is the tens digit of 95895?
9
What is the units digit of 11222?
2
What is the tens digit of 676?
7
What is the tens digit of 2732?
3
What is the ten thousands digit of 100246?
0
What is the tens digit of 20899?
9
What is the units digit of 1007?
7
What is the tens digit of 2096?
9
What is the thousands digit of 2819?
2
What is the units digit of 117?
7
What is the units digit of 732?
2
What is the thousands digit of 8465?
8
What is the thousands digit of 1330?
1
What is the units digit of 1336?
6
What is the thousands digit of 1964?
1
What is the hundred thousands digit of 137966?
1
What is the tens digit of 7709?
0
What is the thousands digit of 45989?
5
What is the units digit of 1587?
7
What is the hundreds digit of 2299?
2
What is the hundreds digit of 18990?
9
What is the tens digit of 6687?
8
What is the hundreds digit of 199?
1
What is the ten thousands digit of 26544?
2
What is the tens digit of 146984?
8
What is the units digit of 796?
6
What is the hundreds digit of 119660?
6
What is the units digit of 16?
6
What is the units digit of 43339?
9
What is the units digit of 8005?
5
What is the units digit of 3334?
4
What is the tens digit of 25838?
3
What is the hundreds digit of 3597?
5
What is the thousands digit of 3155?
3
What is the tens digit of 2880?
8
What is the hundreds digit of 68599?
5
What is the units digit of 7145?
5
What is the units digit of 415?
5
What is the hundreds digit of 10678?
6
What is the thousands digit of 41429?
1
What is the hundreds digit of 8984?
9
What is the units digit of 268?
8
What is the tens digit of 939?
3
What is the units digit of 1810?
0
What is the thousands digit of 3845?
3
What is the units digit of 264?
4
What is the units digit of 3570?
0
What is the tens digit of 10208?
0
What is the thousands digit of 10412?
0
What is the tens digit of 90?
9
What is the units digit of 1742?
2
What is the tens digit of 15029?
2
What is the hundreds digit of 12358?
3
What is the hundreds digit of 952?
9
What is the thousands digit of 12215?
2
What is the thousands digit of 3266?
3
What is the hundreds digit of 34957?
9
What is the thousands digit of 7775?
7
What is the units digit of 340?
0
What is the units digit of 98059?
9
What is the tens digit of 2336?
3
What is the ten thousands digit of 27468?
2
What is the units digit of 510?
0
What is the thousands digit of 16336?
6
What is the ten thousands digit of 11876?
1
What is the tens digit of 26272?
7
What is the thousands digit of 1813?
1
What is the tens digit of 8993?
9
What is the hundreds digit of 622?
6
What is the tens digit of 31?
3
What is the tens digit of 136044?
4
What is the thousands digit of 1011?
1
What is the hundreds digit of 2480?
4
What is the units digit of 346?
6
What is the units digit of 37060?
0
What is the units digit of 37709?
9
What is the tens digit of 1270?
7
What is the thousands digit of 1771?
1
What is the units digit of 1187?
7
What is the hundreds digit of 186?
1
What is the tens digit of 879?
7
What is the thousands digit of 9100?
9
What is the ten thousands digit of 26071?
2
What is the tens digit of 11212?
1
What is the tens digit of 4140?
4
What is the hundreds digit of 242?
2
What is the hundreds digit of 1213?
2
What is the hundreds digit of 9098?
0
What is the units digit of 2849?
9
What is the thousands digit of 142463?
2
What is the thousands digit of 3284?
3
What is the hundreds digit of 4406?
4
What is the hundreds digit of 527?
5
What is the units digit of 27643?
3
What is the ten t